{"id":352,"date":"2015-02-07T16:47:42","date_gmt":"2015-02-07T15:47:42","guid":{"rendered":"http:\/\/fanfarenzug-zell.de\/?page_id=352"},"modified":"2025-03-08T00:15:18","modified_gmt":"2025-03-07T23:15:18","slug":"links-3","status":"publish","type":"page","link":"http:\/\/fanfarenzug-zell.de\/?page_id=352","title":{"rendered":"Links"},"content":{"rendered":"<table style=\"height: 368px;\">\n<tbody>\n<tr style=\"height: 80px;\">\n<td style=\"height: 80px;\" colspan=\"2\">\n<p style=\"text-align: center;\"><span style=\"font-size: 24pt; color: #ff0000;\"><strong><u>Links<\/u><\/strong><\/span><\/p>\n<\/td>\n<\/tr>\n<tr style=\"height: 24px;\">\n<td style=\"height: 24px;\" width=\"289\"><span style=\"color: #000000; font-size: 12pt; font-family: 'Times New Roman', Times;\"><a style=\"color: #000000;\" href=\"http:\/\/www.fanfarenzug-markdorf.de\/\" target=\"_blank\" rel=\"noopener noreferrer\">Fanfarenzug Markdorf<\/a><\/span><\/td>\n<td style=\"height: 24px;\" width=\"318\"><span style=\"color: #000000; font-size: 12pt; font-family: 'Times New Roman', Times;\"><a style=\"color: #000000;\" href=\"http:\/\/feuerwehrmusik-mambach.jimdo.com\/\" target=\"_blank\" rel=\"noopener noreferrer\">Feuerwehrmusik Mambach 1900 e. V.<\/a><\/span><\/td>\n<\/tr>\n<tr style=\"height: 24px;\">\n<td style=\"height: 24px;\" width=\"289\"><span style=\"color: #ff0000; font-size: 12pt; font-family: 'Times New Roman', Times;\"><a style=\"color: #ff0000;\" href=\"http:\/\/www.fanfarenzug-fahrnau.de\/\" target=\"_blank\" rel=\"noopener noreferrer\">Fanfarenzug Fahrnau<\/a><\/span><\/td>\n<td style=\"height: 24px;\" width=\"318\"><span style=\"color: #ff0000; font-size: 12pt; font-family: 'Times New Roman', Times;\">\u00a0<a style=\"color: #ff0000;\" href=\"http:\/\/www.wildsaumusik.de\/\" target=\"_blank\" rel=\"noopener noreferrer\">Zeller Wildsaumusik<\/a><\/span><\/td>\n<\/tr>\n<tr style=\"height: 24px;\">\n<td style=\"height: 24px;\" width=\"289\"><span style=\"color: #000000; font-size: 12pt; font-family: 'Times New Roman', Times;\"><a style=\"color: #000000;\" href=\"http:\/\/www.fzbruchsal.de\/\" target=\"_blank\" rel=\"noopener noreferrer\">1. Fanfarenzug 1962 e. V. Bruchsal<\/a><\/span><\/td>\n<td style=\"height: 24px;\" width=\"318\"><span style=\"color: #000000; font-size: 12pt; font-family: 'Times New Roman', Times;\"><a style=\"color: #000000;\" href=\"http:\/\/www.zeller-fasnacht.de\/fgz\/index.php\" target=\"_blank\" rel=\"noopener noreferrer\">Fasnachtsgesellschaft Zell i. W.<\/a><\/span><\/td>\n<\/tr>\n<tr style=\"height: 24px;\">\n<td style=\"height: 24px;\" width=\"289\"><span style=\"color: #ff0000; font-size: 12pt; font-family: 'Times New Roman', Times;\"><a style=\"color: #ff0000;\" href=\"http:\/\/www.spielleutemusik.com\/\" target=\"_blank\" rel=\"noopener noreferrer\">Landesverband Spielmanns-u. Fanfarenz\u00fcge<\/a><\/span><\/td>\n<td style=\"height: 24px;\" width=\"318\"><span style=\"color: #ff0000; font-size: 12pt; font-family: 'Times New Roman', Times;\"><a style=\"color: #ff0000;\" href=\"http:\/\/www.fueuerigemarcher.de\/\" target=\"_blank\" rel=\"noopener noreferrer\">F\u00fc\u00fcrige Marcher Zell i. W. 1993<\/a><\/span><\/td>\n<\/tr>\n<tr style=\"height: 24px;\">\n<td style=\"height: 24px;\" width=\"289\"><span style=\"color: #000000; font-size: 12pt; font-family: 'Times New Roman', Times;\"><a style=\"color: #000000;\" href=\"http:\/\/www.noteknacker.de\/\" target=\"_blank\" rel=\"noopener noreferrer\">Zeller Notenknacker<\/a><\/span><\/td>\n<td style=\"height: 24px;\" width=\"318\"><span style=\"color: #000000; font-size: 12pt; font-family: 'Times New Roman', Times;\"><a style=\"color: #000000;\" href=\"http:\/\/www.vogtei-obertal.de\/\" target=\"_blank\" rel=\"noopener noreferrer\">Vogtei Obertal<\/a><\/span><\/td>\n<\/tr>\n<tr style=\"height: 24px;\">\n<td style=\"height: 24px;\" width=\"289\"><span style=\"color: #ff0000; font-size: 12pt; font-family: 'Times New Roman', Times;\"><a style=\"color: #ff0000;\" href=\"http:\/\/www.musikvereinatzenbach.de\/\" target=\"_blank\" rel=\"noopener noreferrer\">Musikverein Atzenbach<\/a><\/span><\/td>\n<td style=\"height: 24px;\" width=\"318\"><span style=\"color: #ff0000; font-size: 12pt; font-family: 'Times New Roman', Times;\"><a style=\"color: #ff0000;\" href=\"http:\/\/www.zeller-schraetteli.de\/\" target=\"_blank\" rel=\"noopener noreferrer\">Zeller Schr\u00e4ttele<\/a><\/span><\/td>\n<\/tr>\n<tr style=\"height: 24px;\">\n<td style=\"height: 24px;\"><span style=\"color: #000000;\"><a style=\"color: #000000;\" href=\"http:\/\/www.pifferietamburibaiodora.it\/\"><span style=\"font-size: 12pt; font-family: poly;\">Pifferi e Tamburi Bajo Dora<\/span><\/a><\/span><\/td>\n<td style=\"height: 24px;\">\u00a0<\/td>\n<\/tr>\n<tr style=\"height: 24px;\">\n<td style=\"height: 24px;\"><span style=\"color: #000000; font-size: 12pt;\">\u00a0<\/span><\/td>\n<td style=\"height: 24px;\"><span style=\"color: #000000; font-size: 12pt;\">\u00a0<\/span><\/td>\n<\/tr>\n<tr style=\"height: 96px;\">\n<td style=\"height: 96px;\" colspan=\"2\"><span style=\"color: #808080; font-size: 10pt; font-family: 'Times New Roman', Times;\">Mit Urteil vom 12. Mai 1998 &#8211; 312 O 85\/98 &#8211; &#8222;Haftung f\u00fcr Links&#8220; hat das Landgericht Hamburg entschieden, da\u00df man durch die Anbringung eines Links die Inhalte der gelinkten Seite ggf. mit zu verantworten hat. Dies kann nur dadurch verhindert werden, da\u00df man sich ausdr\u00fccklich von diesen Inhalten distanziert. &#8222;Hiermit distanziert sich der Fanfarenzug Zell 1959 e. V. ausdr\u00fccklich von allen Inhalten und aller gelinkten Seiten auf der Homepage und macht sich diese Inhalte nicht zu eigen. Diese Erkl\u00e4rung gilt f\u00fcr alle angebrachten externen Links.&#8220;<\/span><\/td>\n<\/tr>\n<\/tbody>\n<\/table>\n\n\n<p><\/p>\n","protected":false},"excerpt":{"rendered":"<p>Links Fanfarenzug Markdorf Feuerwehrmusik Mambach 1900 e. V. Fanfarenzug Fahrnau \u00a0Zeller Wildsaumusik 1. Fanfarenzug 1962 e. V. Bruchsal Fasnachtsgesellschaft Zell i. W. Landesverband Spielmanns-u. Fanfarenz\u00fcge F\u00fc\u00fcrige Marcher Zell i. W. 1993 Zeller Notenknacker Vogtei Obertal Musikverein Atzenbach Zeller Schr\u00e4ttele Pifferi e Tamburi Bajo Dora \u00a0 \u00a0 \u00a0 Mit Urteil vom 12. Mai 1998 &#8211; 312 [&hellip;]<\/p>\n","protected":false},"author":5,"featured_media":0,"parent":0,"menu_order":0,"comment_status":"closed","ping_status":"closed","template":"","meta":{"footnotes":""},"class_list":["post-352","page","type-page","status-publish","hentry"],"_links":{"self":[{"href":"http:\/\/fanfarenzug-zell.de\/index.php?rest_route=\/wp\/v2\/pages\/352","targetHints":{"allow":["GET"]}}],"collection":[{"href":"http:\/\/fanfarenzug-zell.de\/index.php?rest_route=\/wp\/v2\/pages"}],"about":[{"href":"http:\/\/fanfarenzug-zell.de\/index.php?rest_route=\/wp\/v2\/types\/page"}],"author":[{"embeddable":true,"href":"http:\/\/fanfarenzug-zell.de\/index.php?rest_route=\/wp\/v2\/users\/5"}],"replies":[{"embeddable":true,"href":"http:\/\/fanfarenzug-zell.de\/index.php?rest_route=%2Fwp%2Fv2%2Fcomments&post=352"}],"version-history":[{"count":28,"href":"http:\/\/fanfarenzug-zell.de\/index.php?rest_route=\/wp\/v2\/pages\/352\/revisions"}],"predecessor-version":[{"id":2380,"href":"http:\/\/fanfarenzug-zell.de\/index.php?rest_route=\/wp\/v2\/pages\/352\/revisions\/2380"}],"wp:attachment":[{"href":"http:\/\/fanfarenzug-zell.de\/index.php?rest_route=%2Fwp%2Fv2%2Fmedia&parent=352"}],"curies":[{"name":"wp","href":"https:\/\/api.w.org\/{rel}","templated":true}]}}