{"id":151,"date":"2015-02-03T15:17:40","date_gmt":"2015-02-03T14:17:40","guid":{"rendered":"http:\/\/fanfarenzug-zell.de\/?page_id=151"},"modified":"2025-05-22T09:19:39","modified_gmt":"2025-05-22T07:19:39","slug":"vorstand","status":"publish","type":"page","link":"https:\/\/fanfarenzug-zell.de\/?page_id=151","title":{"rendered":"Vorstand"},"content":{"rendered":"<h3 style=\"text-align: center;\"><span style=\"font-family: 'Times New Roman', Times;\"><strong><span style=\"color: #ff0000; font-size: 24pt; text-decoration: underline;\">Vorstand<\/span><\/strong><\/span><\/h3>\n<p><span style=\"color: #000000; font-size: 14pt;\">\u00a0<\/span><\/p>\n<p><span style=\"color: #000000; font-size: 12pt;\"><span style=\"color: #ff0000;\">1. Vorstand :<\/span> Hutschenreuter, Frank <\/span><\/p>\n<p><span style=\"color: #000000; font-size: 12pt;\"><span style=\"color: #ff0000;\">2. Vorstand :<\/span> Wolf, Frank <\/span><\/p>\n<hr \/>\n<p><span style=\"color: #000000; font-size: 12pt;\"><span style=\"color: #ff0000;\">1. Kassierer :<\/span> L\u00f6ffler, Michael <\/span><\/p>\n<p><span style=\"color: #000000; font-size: 12pt;\"><span style=\"color: #ff0000;\">2. Kassierer :<\/span> Schmidt, J\u00fcrgen <\/span><\/p>\n<hr \/>\n<p><span style=\"color: #000000; font-size: 12pt;\"><span style=\"color: #ff0000;\">1. <span style=\"color: #ff0000; font-size: 12pt;\">Tambourmajor<\/span> :<\/span> G\u00f6tz, Raimund <\/span><\/p>\n<p><span style=\"color: #000000; font-size: 12pt;\"><span style=\"color: #ff0000;\">2. <span style=\"color: #ff0000; font-size: 12pt;\">Tambourmajor<\/span> :<\/span> Fritz, Marcus<\/span><\/p>\n<hr \/>\n<p><span style=\"color: #000000; font-size: 12pt;\"><span style=\"color: #ff0000;\">Schriftf\u00fchrer\/in :<span style=\"background-color: #ffffff;\">\u00a0<span style=\"color: #000000;\">Philipp, Larissa<\/span><\/span><\/span><\/span><\/p>\n<hr \/>\n<p><span style=\"color: #000000; font-size: 12pt;\"><span style=\"color: #ff0000;\">Beisitzer :<\/span> Hamann, Matthias \/ Wolf, Dominik \/ Accumano, Fabio \/ Echle, Lucy \/ Kiefer, Alina<\/span><\/p>\n<p><span style=\"font-size: 12pt;\"><span style=\"color: #ff0000;\">Passivbeisitzer :<\/span> <span style=\"color: #000000;\">Laube, Armin <\/span><\/span><\/p>\n<hr \/>\n<p><span style=\"font-size: 12pt;\"><span style=\"color: #ff0000;\">Materialwart :<\/span>\u00a0<span style=\"color: #000000;\">Mistry, Anett<\/span> <\/span><\/p>\n<p><span style=\"font-size: 12pt;\"><span style=\"color: #ff0000;\">Pressewart :<\/span> Di Franco<span style=\"color: #000000;\">, Graziella\u00a0<\/span><\/span><\/p>\n","protected":false},"excerpt":{"rendered":"<p>Vorstand \u00a0 1. Vorstand : Hutschenreuter, Frank 2. Vorstand : Wolf, Frank 1. Kassierer : L\u00f6ffler, Michael 2. Kassierer : Schmidt, J\u00fcrgen 1. Tambourmajor : G\u00f6tz, Raimund 2. Tambourmajor : Fritz, Marcus Schriftf\u00fchrer\/in :\u00a0Philipp, Larissa Beisitzer : Hamann, Matthias \/ Wolf, Dominik \/ Accumano, Fabio \/ Echle, Lucy \/ Kiefer, Alina Passivbeisitzer : Laube, Armin [&hellip;]<\/p>\n","protected":false},"author":5,"featured_media":0,"parent":0,"menu_order":0,"comment_status":"closed","ping_status":"closed","template":"","meta":{"footnotes":""},"class_list":["post-151","page","type-page","status-publish","hentry"],"_links":{"self":[{"href":"https:\/\/fanfarenzug-zell.de\/index.php?rest_route=\/wp\/v2\/pages\/151","targetHints":{"allow":["GET"]}}],"collection":[{"href":"https:\/\/fanfarenzug-zell.de\/index.php?rest_route=\/wp\/v2\/pages"}],"about":[{"href":"https:\/\/fanfarenzug-zell.de\/index.php?rest_route=\/wp\/v2\/types\/page"}],"author":[{"embeddable":true,"href":"https:\/\/fanfarenzug-zell.de\/index.php?rest_route=\/wp\/v2\/users\/5"}],"replies":[{"embeddable":true,"href":"https:\/\/fanfarenzug-zell.de\/index.php?rest_route=%2Fwp%2Fv2%2Fcomments&post=151"}],"version-history":[{"count":38,"href":"https:\/\/fanfarenzug-zell.de\/index.php?rest_route=\/wp\/v2\/pages\/151\/revisions"}],"predecessor-version":[{"id":2387,"href":"https:\/\/fanfarenzug-zell.de\/index.php?rest_route=\/wp\/v2\/pages\/151\/revisions\/2387"}],"wp:attachment":[{"href":"https:\/\/fanfarenzug-zell.de\/index.php?rest_route=%2Fwp%2Fv2%2Fmedia&parent=151"}],"curies":[{"name":"wp","href":"https:\/\/api.w.org\/{rel}","templated":true}]}}